52
Calculate the remainder when 645 is divided by 34.
33
Calculate the remainder when 149 is divided by 5.
4
What is the remainder when 883 is divided by 28?
15
Calculate the remainder when 428 is divided by 183.
62
Calculate the remainder when 32 is divided by 10.
2
Calculate the remainder when 469 is divided by 189.
91
Calculate the remainder when 142 is divided by 49.
44
Calculate the remainder when 110 is divided by 28.
26
Calculate the remainder when 3758 is divided by 53.
48
What is the remainder when 137 is divided by 21?
11
What is the remainder when 2073 is divided by 12?
9
Calculate the remainder when 39 is divided by 8.
7
What is the remainder when 105 is divided by 39?
27
Calculate the remainder when 1851 is divided by 368.
11
What is the remainder when 12826 is divided by 4274?
4
What is the remainder when 1027 is divided by 21?
19
Calculate the remainder when 137 is divided by 49.
39
Calculate the remainder when 3559 is divided by 1186.
1
What is the remainder when 6422 is divided by 73?
71
Calculate the remainder when 1194 is divided by 313.
255
What is the remainder when 778 is divided by 29?
24
Calculate the remainder when 230 is divided by 98.
34
What is the remainder when 53 is divided by 15?
8
Calculate the remainder when 153 is divided by 22.
21
What is the remainder when 259 is divided by 12?
7
What is the remainder when 103 is divided by 23?
11
What is the remainder when 249 is divided by 63?
60
Calculate the remainder when 4623 is divided by 37.
35
Calculate the remainder when 1661 is divided by 26.
23
Calculate the remainder when 396 is divided by 57.
54
What is the remainder when 98 is divided by 52?
46
What is the remainder when 452 is divided by 218?
16
Calculate the remainder when 11159 is divided by 93.
92
What is the remainder when 1186 is divided by 12?
10
Calculate the remainder when 31 is divided by 8.
7
Calculate the remainder when 475 is divided by 459.
16
Calculate the remainder when 236 is divided by 80.
76
Calculate the remainder when 615 is divided by 156.
147
What is the remainder when 4643 is divided by 333?
314
What is the remainder when 196 is divided by 8?
4
What is the remainder when 165 is divided by 26?
9
What is the remainder when 6153 is divided by 36?
33
Calculate the remainder when 480 is divided by 81.
75
Calculate the remainder when 1179 is divided by 1.
0
Calculate the remainder when 2787 is divided by 90.
87
Calculate the remainder when 7246 is divided by 11.
8
Calculate the remainder when 351 is divided by 89.
84
What is the remainder when 151 is divided by 11?
8
What is the remainder when 1546 is divided by 205?
111
Calculate the remainder when 145 is divided by 73.
72
What is the remainder when 471 is divided by 22?
9
What is the remainder when 8938 is divided by 6?
4
Calculate the remainder when 225 is divided by 79.
67
Calculate the remainder when 4990 is divided by 24.
22
Calculate the remainder when 975 is divided by 320.
15
What is the remainder when 253 is divided by 27?
10
Calculate the remainder when 344 is divided by 29.
25
What is the remainder when 70010 is divided by 46?
44
What is the remainder when 1596 is divided by 264?
12
What is the remainder when 438 is divided by 19?
1
Calculate the remainder when 358 is divided by 88.
6
What is the remainder when 128 is divided by 48?
32
What is the remainder when 547 is divided by 146?
109
What is the remainder when 371 is divided by 71?
16
What is the remainder when 4292 is divided by 38?
36
What is the remainder when 4977 is divided by 106?
101
Calculate the remainder when 2935 is divided by 245.
240
What is the remainder when 50 is divided by 10?
0
What is the remainder when 584 is divided by 117?
116
Calculate the remainder when 45 is divided by 24.
21
What is the remainder when 191 is divided by 32?
31
What is the remainder when 119 is divided by 61?
58
What is the remainder when 1665 is divided by 34?
33
Calculate the remainder when 140 is divided by 2.
0
What is the remainder when 687 is divided by 86?
85
What is the remainder when 779 is divided by 12?
11
What is the remainder when 169 is divided by 114?
55
What is the remainder when 900 is divided by 41?
39
Calculate the remainder when 302 is divided by 98.
8
What is the remainder when 137 is divided by 43?
8
Calculate the remainder when 304 is divided by 45.
34
Calculate the remainder when 71 is divided by 12.
11
Calculate the remainder when 1804 is divided by 895.
14
Calculate the remainder when 111 is divided by 52.
7
What is the remainder when 853 is divided by 295?
263
What is the remainder when 1966 is divided by 17?
11
What is the remainder when 161 is divided by 54?
53
What is the remainder when 42 is divided by 16?
10
What is the remainder when 468 is divided by 137?
57
Calculate the remainder when 254 is divided by 17.
16
Calculate the remainder when 160 is divided by 51.
7
What is the remainder when 425 is divided by 8?
1
Calculate the remainder when 11499 is divided by 8.
3
What is the remainder when 957 is divided by 47?
17
Calculate the remainder when 2799 is divided by 23.
16
What is the remainder when 19 is divided by 15?
4
Calculate the remainder when 305 is divided by 10.
5
What is the remainder when 3881 is divided by 111?
107
Calculate the remainder when 292 is divided by 6.
4
What is the remainder when 219 is divided by 109?
1
What is the remainder when 640 is divided by 43?
38
What is the remainder when 1350 is divided by 149?
9
What is the remainder when 136 is divided by 19?
3
Calculate the remainder when 1066 is divided by 12.
10
What is the remainder when 398 is divided by 35?
13
What is the remainder when 566 is divided by 82?
74
Calculate the remainder when 1600 is divided by 22.
16
What is the remainder when 146 is divided by 40?
26
Calculate the remainder when 228 is divided by 11.
8
What is the remainder when 148 is divided by 45?
13
What is the remainder when 35150 is divided by 52?
50
What is the remainder when 1540 is divided by 18?
10
Calculate the remainder when 6383 is divided by 18.
11
Calculate the remainder when 1363 is divided by 454.
1
What is the remainder when 1825 is divided by 29?
27
What is the remainder when 236 is divided by 80?
76
What is the remainder when 668 is divided by 118?
78
Calculate the remainder when 82 is divided by 24.
10
What is the remainder when 435 is divided by 31?
1
Calculate the remainder when 468 is divided by 68.
60
Calculate the remainder when 64 is divided by 13.
12
Calculate the remainder when 258 is divided by 50.
8
What is the remainder when 165 is divided by 24?
21
Calculate the remainder when 2697 is divided by 210.
177
What is the remainder when 39 is divided by 10?
9
What is the remainder when 2592 is divided by 59?
55
Calculate the remainder when 191 is divided by 24.
23
Calculate the remainder when 157 is divided by 44.
25
Calculate the remainder when 2112 is divided by 75.
12
What is the remainder when 1612 is divided by 57?
16
Calculate the remainder when 638 is divided by 24.
14
What is the remainder when 2058 is divided by 141?
84
What is the remainder when 3450 is divided by 17?
16
What is the remainder when 582 is divided by 65?
62
What is the remainder when 3235 is divided by 162?
157
Calculate the remainder when 416 is divided by 14.
10
What is the remainder when 539 is divided by 27?
26
What is the remainder when 297 is divided by 23?
21
What is the remainder when 897 is divided by 886?
11
Calculate the remainder when 75 is divided by 17.
7
What is the remainder when 539 is divided by 36?
35
Calculate the remainder when 168 is divided by 30.
18
Calculate the remainder when 5216 is divided by 116.
112
What is the remainder when 795 is divided by 225?
120
Calculate the remainder when 527 is divided by 64.
15
Calculate the remainder when 1018 is divided by 339.
1
What is the remainder when 3235 is divided by 4?
3
What is the remainder when 56 is divided by 36?
20
Calculate the remainder when 60 is divided by 3.
0
Calculate the remainder when 1685 is divided by 8.
5
What is the remainder when 15567 is divided by 3?
0
Calculate the remainder when 370 is divided by 12.
10
Calculate the remainder when 2898 is divided by 575.
23
What is the remainder when 750 is divided by 13?
9
What 